{"id":556,"date":"2020-11-03T13:19:23","date_gmt":"2020-11-03T12:19:23","guid":{"rendered":"https:\/\/strzelnica.patronus.com.pl\/?page_id=556"},"modified":"2025-09-11T07:14:10","modified_gmt":"2025-09-11T05:14:10","slug":"szkolenie-bron-krotka","status":"publish","type":"page","link":"https:\/\/strzelnica.patronus.com.pl\/?page_id=556","title":{"rendered":"Podstawowe szkolenie strzeleckie z obs\u0142ugi broni"},"content":{"rendered":"\n<figure class=\"wp-block-pullquote\"><blockquote><p><strong>SZKOLENIE STRZELECKIE<\/strong><\/p><cite><strong>bro\u0144 palna bocznego i centralnego zap\u0142onu oraz strzelby g\u0142adkolufowe<\/strong><\/cite><\/blockquote><\/figure>\n\n\n\n<figure class=\"wp-block-image size-large\"><img loading=\"lazy\" decoding=\"async\" width=\"1024\" height=\"683\" src=\"https:\/\/strzelnica.patronus.com.pl\/wp-content\/uploads\/2022\/04\/m1911-g03a2dd3cd_1920-1024x683.jpg\" alt=\"\" class=\"wp-image-828\" srcset=\"https:\/\/strzelnica.patronus.com.pl\/wp-content\/uploads\/2022\/04\/m1911-g03a2dd3cd_1920-1024x683.jpg 1024w, https:\/\/strzelnica.patronus.com.pl\/wp-content\/uploads\/2022\/04\/m1911-g03a2dd3cd_1920-300x200.jpg 300w, https:\/\/strzelnica.patronus.com.pl\/wp-content\/uploads\/2022\/04\/m1911-g03a2dd3cd_1920-768x512.jpg 768w, https:\/\/strzelnica.patronus.com.pl\/wp-content\/uploads\/2022\/04\/m1911-g03a2dd3cd_1920-1536x1024.jpg 1536w, https:\/\/strzelnica.patronus.com.pl\/wp-content\/uploads\/2022\/04\/m1911-g03a2dd3cd_1920-360x240.jpg 360w, https:\/\/strzelnica.patronus.com.pl\/wp-content\/uploads\/2022\/04\/m1911-g03a2dd3cd_1920.jpg 1920w\" sizes=\"auto, (max-width: 1024px) 100vw, 1024px\" \/><\/figure>\n\n\n\n<p>Zapraszam zainteresowane osoby do zapis\u00f3w na podstawowe szkolenie zwi\u0105zane z obs\u0142ug\u0105 oraz strzelaniem z broni palnej bocznego i centralnego zap\u0142onu oraz strzelb g\u0142adkolufowych.<br>Szkolenie skierowane jest przede wszystkim do os\u00f3b kt\u00f3re dotychczas nie mia\u0142y do czynienia z broni\u0105 paln\u0105, a chc\u0105 nauczy\u0107 si\u0119 bezpiecznie j\u0105 obs\u0142ugiwa\u0107.<br><br>Za g\u0142\u00f3wne cele szkoleniowe przyjmujemy:<br>\u2013 zapoznanie z podstawowymi zasadami bezpiecze\u0144stwa podczas obs\u0142ugi broni oraz ich p\u00f3\u017aniejsze stosowanie (<strong>B<\/strong>ro\u0144 <strong>L<\/strong>ufa <strong>O<\/strong>toczenie <strong>S<\/strong>pust)<br>\u2013 zapoznanie z obs\u0142ug\u0105 pistoletu, karabinu, strzelby (\u0142adowanie, roz\u0142adowywanie, prze\u0142adowanie, wymiana magazynka, usuwanie zaci\u0119\u0107)<br>\u2013 przyjmowanie postaw strzeleckich, zgrywanie przyrz\u0105d\u00f3w celowniczych, \u015bci\u0105ganie j\u0119zyka spustowego, oddanie celnego strza\u0142u. <br>Praca na Glock 17, AR Tippman, AR-15, GROT, Strzelba 12\/76, AKMS 74, CZ P-07 Kadet.<br><br><strong><em>JE\u017bELI CHCESZ WIEDZIEC W JAKI SPOS\u00d3B POS\u0141UGIWA\u0106 SI\u0118 BEZPIECZNIE BRONI\u0104, TO JEST SZKOLENIE DLA CIEBIE!<\/em><\/strong><\/p>\n\n\n\n<p class=\"o-typing-slow o-typing-delay-200ms\"><strong><o-anim-typing><em>SZKOLENIE JEST INDYWIDUALNE, NIE MA OS\u00d3B POSTRONNYCH NA STRZELNICY<\/em><\/o-anim-typing><\/strong><\/p>\n\n\n\n<p>Koszt szkolenia to 400 z\u0142\/os. W przypadku dw\u00f3ch lub trzech os\u00f3b to 350 z\u0142\/os oraz czterech os\u00f3b 300 z\u0142\/os <\/p>\n\n\n\n<p>Czas trwania szkolenia oko\u0142o 90 minut. W szkolenie jest wliczony pakiet amunicji.<br>Dost\u0119pno\u015b\u0107 szkole\u0144 i terminy prosimy ustala\u0107 indywidualnie.<br>W celu uzyskania dodatkowych informacji prosimy o kontakt mailowy b\u0105d\u017a telefoniczny.<\/p>\n\n\n\n<p><\/p>\n","protected":false},"excerpt":{"rendered":"<p>SZKOLENIE STRZELECKIE bro\u0144 palna bocznego i centralnego zap\u0142onu oraz strzelby g\u0142adkolufowe Zapraszam zainteresowane osoby do zapis\u00f3w na podstawowe szkolenie zwi\u0105zane z obs\u0142ug\u0105 oraz strzelaniem z broni palnej bocznego i centralnego zap\u0142onu oraz strzelb g\u0142adkolufowych.Szkolenie skierowane jest przede wszystkim do os\u00f3b kt\u00f3re dotychczas nie mia\u0142y do czynienia z broni\u0105 paln\u0105, a [&hellip;]<\/p>\n","protected":false},"author":1,"featured_media":0,"parent":0,"menu_order":0,"comment_status":"closed","ping_status":"closed","template":"page-templates\/template-fullwidth.php","meta":{"_themeisle_gutenberg_block_has_review":false,"footnotes":""},"class_list":["post-556","page","type-page","status-publish","hentry"],"_links":{"self":[{"href":"https:\/\/strzelnica.patronus.com.pl\/index.php?rest_route=\/wp\/v2\/pages\/556","targetHints":{"allow":["GET"]}}],"collection":[{"href":"https:\/\/strzelnica.patronus.com.pl\/index.php?rest_route=\/wp\/v2\/pages"}],"about":[{"href":"https:\/\/strzelnica.patronus.com.pl\/index.php?rest_route=\/wp\/v2\/types\/page"}],"author":[{"embeddable":true,"href":"https:\/\/strzelnica.patronus.com.pl\/index.php?rest_route=\/wp\/v2\/users\/1"}],"replies":[{"embeddable":true,"href":"https:\/\/strzelnica.patronus.com.pl\/index.php?rest_route=%2Fwp%2Fv2%2Fcomments&post=556"}],"version-history":[{"count":31,"href":"https:\/\/strzelnica.patronus.com.pl\/index.php?rest_route=\/wp\/v2\/pages\/556\/revisions"}],"predecessor-version":[{"id":1994,"href":"https:\/\/strzelnica.patronus.com.pl\/index.php?rest_route=\/wp\/v2\/pages\/556\/revisions\/1994"}],"wp:attachment":[{"href":"https:\/\/strzelnica.patronus.com.pl\/index.php?rest_route=%2Fwp%2Fv2%2Fmedia&parent=556"}],"curies":[{"name":"wp","href":"https:\/\/api.w.org\/{rel}","templated":true}]}}