{"id":309,"date":"2020-09-10T13:10:59","date_gmt":"2020-09-10T11:10:59","guid":{"rendered":"https:\/\/strzelnica.patronus.com.pl\/?page_id=309"},"modified":"2025-10-06T10:54:55","modified_gmt":"2025-10-06T08:54:55","slug":"cennik-2","status":"publish","type":"page","link":"https:\/\/strzelnica.patronus.com.pl\/?page_id=309","title":{"rendered":"BRO\u0143 OBIEKTOWA"},"content":{"rendered":"\n<h2 class=\"wp-block-heading has-text-align-center has-medium-font-size\">W cen\u0119 dla jednej osoby wliczony jest nadz\u00f3r osoby posiadaj\u0105cej uprawnienia prowadz\u0105cego strzelanie, op\u0142ata za wynajem broni, stanowiska strzeleckiego, ochrony oczu, s\u0142uchawek aktywnych. <\/h2>\n\n\n\n<hr class=\"wp-block-separator has-text-color has-black-color has-alpha-channel-opacity has-black-background-color has-background is-style-wide\"\/>\n\n\n\n<p class=\"has-text-align-center has-accent-color has-text-color\"><strong><em>Strzelnica dost\u0119pna tylko i wy\u0142\u0105cznie po um\u00f3wieniu i potwierdzeniu wizyty.<\/em><\/strong><br><strong><em>Je\u017celi chcesz przyj\u015b\u0107 z osob\u0105 towarzysz\u0105c\u0105, poinformuj nas o tym, <\/em><\/strong><br><strong><em>poniewa\u017c mamy ograniczon\u0105 liczb\u0119 miejsc.<\/em><\/strong><br><\/p>\n\n\n\n<hr class=\"wp-block-separator has-text-color has-black-color has-alpha-channel-opacity has-black-background-color has-background is-style-wide\"\/>\n\n\n\n<figure class=\"wp-block-pullquote has-text-align-center animated zoomIn slower has-text-color has-link-color has-medium-font-size wp-elements-c90a4dc2b30242a3cd4cc45641654d40\" style=\"border-width:5px;border-radius:100px;color:#830ff7;font-style:normal;font-weight:500\"><blockquote><p><strong>Specjalne pakiety dla szk\u00f3\u0142<\/strong><\/p><cite>Rozk\u0142adanie i sk\u0142adanie broni w cenie pakietu<\/cite><\/blockquote><\/figure>\n\n\n\n<hr class=\"wp-block-separator has-text-color has-black-color has-alpha-channel-opacity has-black-background-color has-background is-style-wide\"\/>\n\n\n\n<p class=\"has-text-align-center has-header-gradient-color has-text-color\"><a href=\"https:\/\/strzelnica.patronus.com.pl\/?page_id=556\" target=\"_blank\" rel=\"noreferrer noopener\"><strong><em>Pakiet SZKOLENIOWY<\/em><\/strong> <br>Polecany dla os\u00f3b kt\u00f3re nie mia\u0142y dotychczas kontaktu z broni\u0105, lub by\u0142 on ograniczony.<br><strong>KLIKNIJ ABY SPRAWDZIC ZAWARTO\u015a\u0106<\/strong><br>Koszt &#8211; 400,00 z\u0142<\/a><\/p>\n\n\n\n<hr class=\"wp-block-separator has-text-color has-black-color has-alpha-channel-opacity has-black-background-color has-background is-style-wide\"\/>\n\n\n\n<p class=\"has-text-align-center has-header-gradient-color has-text-color\"><strong><em>Pakiet PODSTAWOWY<\/em><\/strong> <br>Polecany dla os\u00f3b, kt\u00f3re ju\u017c strzela\u0142y i posiadaj\u0105 umiej\u0119tno\u015b\u0107 bezpiecznego pos\u0142ugiwania si\u0119 broni\u0105.<br><strong>Minimalna<\/strong> ilo\u015b\u0107 wystrzelonej amunicji z jednego rodzaju pistoletu\/karabinu\/strzelby\/rewolweru to <strong>10 szt.<\/strong><br>Minimalna ilo\u015b\u0107 wystrzelonej amunicji musi mie\u0107 r\u00f3wnowarto\u015b\u0107 kosztu pakietu, rozliczanego w\/g cennika. Zawiera 2 tarcze.<br>minimalny koszt &#8211; 150,00 z\u0142<br><em><strong>Dla grup, minimum 5 os\u00f3b minimalna cena ustalana indywidualnie.<\/strong><\/em><\/p>\n\n\n\n<hr class=\"wp-block-separator has-text-color has-black-color has-alpha-channel-opacity has-black-background-color has-background is-style-wide\"\/>\n\n\n\n<p class=\"has-text-align-center has-header-gradient-color has-text-color\"><strong><blink><em>Pakiet RODZINNY<\/em><\/blink><\/strong><br><blink>Zawiera <\/blink>75<blink> strza\u0142\u00f3w dla wszystkich z jednego karabinka KBKS <\/blink>dla max. 3 os\u00f3b, <br><blink>do obrotowego cel<\/blink>u\/tarczy oraz 3 tarcze TS-1. <br>Koszt 150,00 z\u0142<br><em><strong>Brak mo\u017cliwo\u015bci wyboru innych rodzaj\u00f3w broni. <br>Pakiet tylko dla dzieci z rodzicami\/opiekunami<\/strong><\/em><\/p>\n\n\n\n<hr class=\"wp-block-separator has-text-color has-black-color has-alpha-channel-opacity has-black-background-color has-background is-style-wide\"\/>\n\n\n\n<p class=\"has-text-align-center\"><strong>STRZELA\u0106 MO\u017bNA NABOJAMI KALIBRU OD 5,6 DO 12 MM. DZIECI POWY\u017bEJ 7 LAT MOG\u0104 R\u00d3WNIE\u017b STRZELA\u0106 Z BRONI POD OPIEK\u0104 JEDNEGO Z RODZIC\u00d3W, ZAR\u00d3WNO Z PISTOLET\u00d3W JAK I KARABIN\u00d3W (JEDNAK DECYZJ\u0118 O RODZAJU BRONI PODEJMUJE PROWADZ\u0104CY STRZELANIE).<\/strong><\/p>\n\n\n\n<hr class=\"wp-block-separator has-text-color has-black-color has-alpha-channel-opacity has-black-background-color has-background is-style-wide\"\/>\n\n\n\n<p><\/p>\n\n\n\n<figure class=\"wp-block-table alignwide is-style-stripes\"><table><tbody><tr><td class=\"has-text-align-center\" data-align=\"center\">.22LR 5,6mm<\/td><td class=\"has-text-align-center\" data-align=\"center\"><img decoding=\"async\" src=\"https:\/\/strzelnica.patronus.com.pl\/wp-content\/uploads\/2020\/09\/22.png\" alt=\"\" style=\"width: 30px;\"><\/td><td class=\"has-text-align-center\" data-align=\"center\">1,50 z\u0142<\/td><\/tr><tr><td class=\"has-text-align-center\" data-align=\"center\">.22 WMR 5,6mm<\/td><td class=\"has-text-align-center\" data-align=\"center\"><img loading=\"lazy\" decoding=\"async\" src=\"https:\/\/strzelnica.patronus.com.pl\/wp-content\/uploads\/2020\/09\/22wmr.png\" alt=\"\" width=\"72\" height=\"114\"><\/td><td class=\"has-text-align-center\" data-align=\"center\">4,00 z\u0142<\/td><\/tr><tr><td class=\"has-text-align-center\" data-align=\"center\">9x18mm Makarov<\/td><td class=\"has-text-align-center\" data-align=\"center\"><img loading=\"lazy\" decoding=\"async\" src=\"https:\/\/strzelnica.patronus.com.pl\/wp-content\/uploads\/2020\/09\/18.png\" alt=\"\" width=\"133\" height=\"121\"><\/td><td class=\"has-text-align-center\" data-align=\"center\">4,00 z\u0142<\/td><\/tr><tr><td class=\"has-text-align-center\" data-align=\"center\">9x19mm<\/td><td class=\"has-text-align-center\" data-align=\"center\"><img loading=\"lazy\" decoding=\"async\" src=\"https:\/\/strzelnica.patronus.com.pl\/wp-content\/uploads\/2020\/09\/9.png\" alt=\"\" width=\"154\" height=\"109\"><\/td><td class=\"has-text-align-center\" data-align=\"center\">3,00 z\u0142<\/td><\/tr><tr><td class=\"has-text-align-center\" data-align=\"center\">Magnum .357\/.38 Special&nbsp;<\/td><td class=\"has-text-align-center\" data-align=\"center\"><img loading=\"lazy\" decoding=\"async\" width=\"150\" height=\"84\" class=\"wp-image-1263\" style=\"width: 150px;\" src=\"https:\/\/strzelnica.patronus.com.pl\/wp-content\/uploads\/2022\/05\/38spec.png\" alt=\"\" srcset=\"https:\/\/strzelnica.patronus.com.pl\/wp-content\/uploads\/2022\/05\/38spec.png 815w, https:\/\/strzelnica.patronus.com.pl\/wp-content\/uploads\/2022\/05\/38spec-300x169.png 300w, https:\/\/strzelnica.patronus.com.pl\/wp-content\/uploads\/2022\/05\/38spec-768x433.png 768w\" sizes=\"auto, (max-width: 150px) 100vw, 150px\" \/><\/td><td class=\"has-text-align-center\" data-align=\"center\">6,00 z\u0142<\/td><\/tr><tr><td class=\"has-text-align-center\" data-align=\"center\">Magnum .44<\/td><td class=\"has-text-align-center\" data-align=\"center\"><img loading=\"lazy\" decoding=\"async\" width=\"150\" height=\"84\" class=\"wp-image-1266\" style=\"width: 150px;\" src=\"https:\/\/strzelnica.patronus.com.pl\/wp-content\/uploads\/2022\/05\/44.png\" alt=\"\" srcset=\"https:\/\/strzelnica.patronus.com.pl\/wp-content\/uploads\/2022\/05\/44.png 665w, https:\/\/strzelnica.patronus.com.pl\/wp-content\/uploads\/2022\/05\/44-300x169.png 300w\" sizes=\"auto, (max-width: 150px) 100vw, 150px\" \/><\/td><td class=\"has-text-align-center\" data-align=\"center\">6,00 z\u0142<\/td><\/tr><tr><td class=\"has-text-align-center\" data-align=\"center\">.45 ACP<\/td><td class=\"has-text-align-center\" data-align=\"center\"><img loading=\"lazy\" decoding=\"async\" width=\"150\" height=\"150\" class=\"wp-image-1268\" style=\"width: 150px;\" src=\"https:\/\/strzelnica.patronus.com.pl\/wp-content\/uploads\/2022\/05\/45acp.png\" alt=\"\" srcset=\"https:\/\/strzelnica.patronus.com.pl\/wp-content\/uploads\/2022\/05\/45acp.png 448w, https:\/\/strzelnica.patronus.com.pl\/wp-content\/uploads\/2022\/05\/45acp-300x300.png 300w, https:\/\/strzelnica.patronus.com.pl\/wp-content\/uploads\/2022\/05\/45acp-150x150.png 150w\" sizes=\"auto, (max-width: 150px) 100vw, 150px\" \/><\/td><td class=\"has-text-align-center\" data-align=\"center\">6,00 z\u0142<\/td><\/tr><tr><td class=\"has-text-align-center\" data-align=\"center\">5,56x45mm\/.223<\/td><td class=\"has-text-align-center\" data-align=\"center\"><img decoding=\"async\" src=\"https:\/\/strzelnica.patronus.com.pl\/wp-content\/uploads\/2020\/09\/556.png\" alt=\"\" style=\"width: 120px;\"><\/td><td class=\"has-text-align-center\" data-align=\"center\">6,00 z\u0142<\/td><\/tr><tr><td class=\"has-text-align-center\" data-align=\"center\">7,62x39mm<\/td><td class=\"has-text-align-center\" data-align=\"center\"><img loading=\"lazy\" decoding=\"async\" src=\"https:\/\/strzelnica.patronus.com.pl\/wp-content\/uploads\/2020\/09\/762.png\" alt=\"\" width=\"197\" height=\"146\"><\/td><td class=\"has-text-align-center\" data-align=\"center\">6,00 z\u0142<\/td><\/tr><tr><td class=\"has-text-align-center\" data-align=\"center\">7,62x51mm<\/td><td class=\"has-text-align-center\" data-align=\"center\"><img loading=\"lazy\" decoding=\"async\" width=\"150\" height=\"219\" class=\"wp-image-2001\" style=\"width: 150px;\" src=\"https:\/\/strzelnica.patronus.com.pl\/wp-content\/uploads\/2025\/10\/762x51.png\" alt=\"\" srcset=\"https:\/\/strzelnica.patronus.com.pl\/wp-content\/uploads\/2025\/10\/762x51.png 378w, https:\/\/strzelnica.patronus.com.pl\/wp-content\/uploads\/2025\/10\/762x51-205x300.png 205w\" sizes=\"auto, (max-width: 150px) 100vw, 150px\" \/><\/td><td class=\"has-text-align-center\" data-align=\"center\">8,00 z\u0142<\/td><\/tr><tr><td class=\"has-text-align-center\" data-align=\"center\">7,62x54R<\/td><td class=\"has-text-align-center\" data-align=\"center\"><img loading=\"lazy\" decoding=\"async\" width=\"150\" height=\"243\" class=\"wp-image-2002\" style=\"width: 150px;\" src=\"https:\/\/strzelnica.patronus.com.pl\/wp-content\/uploads\/2025\/10\/mosin.png\" alt=\"\" srcset=\"https:\/\/strzelnica.patronus.com.pl\/wp-content\/uploads\/2025\/10\/mosin.png 475w, https:\/\/strzelnica.patronus.com.pl\/wp-content\/uploads\/2025\/10\/mosin-185x300.png 185w\" sizes=\"auto, (max-width: 150px) 100vw, 150px\" \/><\/td><td class=\"has-text-align-center\" data-align=\"center\">10,00 z\u0142<\/td><\/tr><tr><td class=\"has-text-align-center\" data-align=\"center\">wagomiar 12\/70<\/td><td class=\"has-text-align-center\" data-align=\"center\"><img decoding=\"async\" src=\"https:\/\/strzelnica.patronus.com.pl\/wp-content\/uploads\/2020\/09\/wagomiar-1.png\" alt=\"\" style=\"width: 320px;\"><\/td><td class=\"has-text-align-center\" data-align=\"center\">5,00 z\u0142<\/td><\/tr><tr><td class=\"has-text-align-center\" data-align=\"center\">wagomiar 12\/70 breneka<\/td><td class=\"has-text-align-center\" data-align=\"center\"><img decoding=\"async\" style=\"width: 320px;\" src=\"https:\/\/strzelnica.patronus.com.pl\/wp-content\/uploads\/2020\/09\/wagomiar-1.png\" alt=\"\"><\/td><td class=\"has-text-align-center\" data-align=\"center\">10,00 z\u0142<\/td><\/tr><\/tbody><\/table><\/figure>\n","protected":false},"excerpt":{"rendered":"<p>W cen\u0119 dla jednej osoby wliczony jest nadz\u00f3r osoby posiadaj\u0105cej uprawnienia prowadz\u0105cego strzelanie, op\u0142ata za wynajem broni, stanowiska strzeleckiego, ochrony oczu, s\u0142uchawek aktywnych. Strzelnica dost\u0119pna tylko i wy\u0142\u0105cznie po um\u00f3wieniu i potwierdzeniu wizyty.Je\u017celi chcesz przyj\u015b\u0107 z osob\u0105 towarzysz\u0105c\u0105, poinformuj nas o tym, poniewa\u017c mamy ograniczon\u0105 liczb\u0119 miejsc. Specjalne pakiety dla [&hellip;]<\/p>\n","protected":false},"author":1,"featured_media":1301,"parent":0,"menu_order":0,"comment_status":"closed","ping_status":"closed","template":"","meta":{"_themeisle_gutenberg_block_has_review":false,"footnotes":""},"class_list":["post-309","page","type-page","status-publish","has-post-thumbnail","hentry"],"_links":{"self":[{"href":"https:\/\/strzelnica.patronus.com.pl\/index.php?rest_route=\/wp\/v2\/pages\/309","targetHints":{"allow":["GET"]}}],"collection":[{"href":"https:\/\/strzelnica.patronus.com.pl\/index.php?rest_route=\/wp\/v2\/pages"}],"about":[{"href":"https:\/\/strzelnica.patronus.com.pl\/index.php?rest_route=\/wp\/v2\/types\/page"}],"author":[{"embeddable":true,"href":"https:\/\/strzelnica.patronus.com.pl\/index.php?rest_route=\/wp\/v2\/users\/1"}],"replies":[{"embeddable":true,"href":"https:\/\/strzelnica.patronus.com.pl\/index.php?rest_route=%2Fwp%2Fv2%2Fcomments&post=309"}],"version-history":[{"count":135,"href":"https:\/\/strzelnica.patronus.com.pl\/index.php?rest_route=\/wp\/v2\/pages\/309\/revisions"}],"predecessor-version":[{"id":2006,"href":"https:\/\/strzelnica.patronus.com.pl\/index.php?rest_route=\/wp\/v2\/pages\/309\/revisions\/2006"}],"wp:featuredmedia":[{"embeddable":true,"href":"https:\/\/strzelnica.patronus.com.pl\/index.php?rest_route=\/wp\/v2\/media\/1301"}],"wp:attachment":[{"href":"https:\/\/strzelnica.patronus.com.pl\/index.php?rest_route=%2Fwp%2Fv2%2Fmedia&parent=309"}],"curies":[{"name":"wp","href":"https:\/\/api.w.org\/{rel}","templated":true}]}}